te the remainder when 35 is divided by f(v).
9
Suppose 6*t = 2*t + 12. Suppose 2*w = -6, u - t*u + 44 = -4*w. Suppose 4*m - 3*i - 9 = 0, -4*m - 3*i = -0*m - 39. What is the remainder when u is divided by m?
4
Let i = -678 + 693. Calculate the remainder when 54 is divided by i.
9
Suppose -3*w = 2*q - 2342 + 46, 3*w + 4628 = 4*q. Calculate the remainder when q is divided by 33.
32
Let l = -628 + 682. What is the remainder when 57 is divided by l?
3
Let h = 19 + -123. Let y = -43 - h. Calculate the remainder when y is divided by 16.
13
Let u(i) = -3*i - 16. Let t be u(-7). Suppose -t*q = -q - 8. Suppose -5*z + p + 16 = 0, -z + 3*p = 4*p - q. What is the remainder when 11 is divided by z?
2
Suppose 50*l - 32*l - 756 = 0. Calculate the remainder when l is divided by 9.
6
Let d be (-6)/(-9)*-3 - -5. What is the remainder when 48 + 5/(d - -2) is divided by 13?
10
Calculate the remainder when 134 is divided by (3 - (-52)/(-16))/(1/(-164)).
11
Let m = 98 - 57. Let k be (-3 - -2)/((-3)/75). Let v = m - k. What is the remainder when 44 is divided by v?
12
Let p be -92*((-12)/3 + 2). Suppose 5*r + 74 = p. Calculate the remainder when 40 is divided by r.
18
Let r(h) = -h**3 + 9*h**2 + 3*h + 11. Calculate the remainder when r(9) is divided by 16*(1722/(-112) - -16).
8
Let l = -45 + 40. Suppose -2*i + 2 = -30. What is the remainder when 7/(-35) + (-146)/l is divided by i?
13
Suppose 38*s - 62*s + 360 = 0. What is the remainder when 161 is divided by s?
11
Let y be (2 - 63/2)*-2. Calculate the remainder when (y - 1)*6/4 is divided by 13.
9
Let w = 2604 + -1972. What is the remainder when w is divided by 127?
124
Let f be (1 + (-15)/6 + 2)*48. Suppose -f*c = -28*c + 108. Calculate the remainder when 70 is divided by c.
16
Suppose -13 = 4*z - 165. Calculate the remainder when 9 + (-594)/(-12 - -3) is divided by z.
37
Let z(l) = l**2 + 3*l - 14. What is the remainder when z(7) is divided by 3?
2
Let a = 57 + -83. Calculate the remainder when (12*-1)/1*a/6 is divided by 9.
7
Let w(v) = -19*v - 246. Calculate the remainder when 380 is divided by w(-18).
92
Let u = -23 + 17. Let s = -1 - u. Let z(r) = r**2 - r + 4. Calculate the remainder when 71 is divided by z(s).
23
Let u(h) be the first derivative of -h**4/2 - h**3 - h**2 - 3*h - 1. Let s = -9 + 7. Calculate the remainder when u(s) is divided by 2.
1
Let u(h) = 28*h**2 - 15*h - 6. Let z(r) = 14*r**2 - 8*r - 3. Let c(d) = 3*u(d) - 5*z(d). Calculate the remainder when c(-3) is divided by 20.
18
Let n be (-1)/((-3)/(-3 + 12)). Let f = 11 + n. Calculate the remainder when 64 is divided by f.
8
Let r(o) = -o**3 - 17 - 13*o - 9*o**2 - o + 0*o. What is the remainder when r(-8) is divided by 12?
7
Let l(t) = 163*t**2 + t. Calculate the remainder when l(1) is divided by 11.
10
What is the remainder when 328 is divided by (-33)/2*(-69 + 65)?
64
Let y be -2*11/11*2/(-4). Let h = 38 + -24. Calculate the remainder when 29 is divided by 8 + -6 + h*y.
13
Let n = -386 + 414. What is the remainder when 123 is divided by n?
11
Let w(z) = 2*z**3 + 24*z**2 - 6*z - 12. What is the remainder when w(-11) is divided by 25?
21
Let v(c) = 2*c - 12. Let b(a) = -a + 4. Let r(o) = -7*b(o) - 2*v(o). Calculate the remainder when 46 is divided by r(4).
6
Let o(d) = 4*d**2 - 7*d + 4. Let t = -16 + 25. Suppose 3*u - t = -0*u. What is the remainder when 92 is divided by o(u)?
16
Suppose 0 = -c + 2*s + 32, 0 = 22*c - 24*c + 2*s + 66. Calculate the remainder when 914 is divided by c.
30
Let x(b) be the third derivative of 7*b**5/30 - 7*b**4/24 + 19*b**3/6 - 40*b**2. Calculate the remainder when x(3) is divided by 32.
28
Suppose -b = 3*b - 3*d + 81, 0 = -3*d + 9. Let j = 1 - b. Calculate the remainder when 56 is divided by j.
18
What is the remainder when (-3)/(18/(-56))*12528/168 is divided by 41?
40
Suppose 21*i - 78 + 15 = 0. Let r be -1 + (5 + -1 - 0). Suppose 2*c + 3*c + i*x = 306, -r*c - x = -182. Calculate the remainder when c is divided by 21.
18
Let d = 9 - 4. Suppose -2*o - 105 = -5*v + 3*o, 0 = -d*o. Let z = 106 - 23. Calculate the remainder when z is divided by v.
20
Suppose -19 = -2*a - 11. Suppose -4*z + 0*n - a*n = -96, -z + 3*n + 8 = 0. Let v(h) = -h + 7. What is the remainder when z is divided by v(0)?
6
Suppose -2*j + 54 = j. Suppose 0 = -4*s - 14 - j. Let n = 57 + s. What is the remainder when n is divided by 17?
15
Let d(z) = 11*z**2 - z. Let o(b) = -b**3 + 4*b**2 - 3*b - 1. Let i be o(3). Let y(f) = 3*f**2 + 150*f - 306. What is the remainder when d(i) is divided by y(2)?
0
Let w(v) = -v**2 - 34*v + 3. Calculate the remainder when w(-33) is divided by 8.
4
Let c(f) be the first derivative of 2*f**2 + 4*f - 11. Let b be c(2). Let n = 9 + b. Calculate the remainder when 61 is divided by n.
19
Suppose -5*m + 50 = -20. Let g(c) = -4*c**3 - c**2 + 3*c - 2. Let f be g(1). Let n = 50 - f. What is the remainder when n is divided by m?
12
Suppose z - 8 = 3*n + 33, 2*z + n - 61 = 0. Let i(w) = 5*w - 23. Let o(f) = 4*f**2 + 6*f + 4. Let j be o(-2). Calculate the remainder when z is divided by i(j).
15
Suppose 0 = -3*p + 1008 - 99. What is the remainder when p is divided by 18/(-4)*102/(-9)?
48
Let z(h) = -21*h + 122. Calculate the remainder when 112 is divided by z(3).
53
Let l = 14 - 4. Let a be ((-12)/5)/(4/20). Let x(k) = -k - 6. What is the remainder when l is divided by x(a)?
4
Suppose -3*r = -4*w - 348, -18*r + 21*r - 5*w = 351. Calculate the remainder when r is divided by 4.
0
Let v(r) = -14*r - 23. What is the remainder when 180 is divided by v(-5)?
39
Let x = -175 - -212. What is the remainder when x is divided by -60*1*(-3)/9?
17
Suppose 2*i = -10, -5*b + 2*i = -143 - 1387. What is the remainder when b is divided by 9?
7
Let o be 47*1*(-4 + 5). Suppose 17*k - 16*k = o. Calculate the remainder when 93 is divided by k.
46
Suppose b - 23 = n - 4*b, 5*n = 3*b - 5. Suppose 5*f + 43 = n*w, 2*w + 2*f - 50 = -2*w. Calculate the remainder when 66 is divided by w.
10
Let h = 37 + -20. Let b(q) = q**3 + 17*q**2 - 39*q + 28. What is the remainder when b(-19) is divided by h?
13
Suppose 3*j + 97 = -5*c, 0*j - 61 = 3*c - j. Let d = -18 - c. Suppose -d*y + y + 3*v = 13, 3*y - 26 = -4*v. What is the remainder when 5 is divided by y?
1
What is the remainder when 886 is divided by ((-120)/(-112) + (-8)/14)*254?
124
Suppose 0 = -3*j + 504 - 18. What is the remainder when j is divided by 17?
9
Let i(r) = r**3 - 5*r + 5. Suppose 0*a = 14*a - 504. Calculate the remainder when i(5) is divided by a.
33
Let m = 404 + -322. What is the remainder when m is divided by 27?
1
Suppose 5*x - n - 50 = 4*x, 0 = -x - 3*n + 34. What is the remainder when x is divided by 12?
10
Let m(v) = v**3 + 7*v**2 - 11*v - 44. What is the remainder when m(-6) is divided by (1/3)/((-4)/(-120))?
8
Let m(t) be the first derivative of -3*t**2/2 + 3*t - 7. Calculate the remainder when m(-4) is divided by 8.
7
Suppose -6*d = -8*d + 46. Calculate the remainder when 574 is divided by d.
22
Let w(n) = 6*n**2 - 39*n - 4. Let l = -9 - -3. What is the remainder when l/4 + (-69)/(-2) is divided by w(7)?
16
Suppose 0 = x + 1 - 7. Let g be (0 + 1 + -1)/1. Suppose -2*w = 3*w + y - 70, g = -3*w - 2*y + 49. What is the remainder when w is divided by x?
1
Suppose -4*c + 983 = 3*k - 600, -c - 1048 = -2*k. What is the remainder when k is divided by 24?
21
Suppose -2*a + 251 - 87 = 0. Let h(b) = 29*b**2 - 1. Calculate the remainder when a is divided by h(-1).
26
Let d(t) = 3*t**2 + 20*t + 68. What is the remainder when 168 is divided by d(-5)?
39
Let o be (-6)/(-9)*(3 + 3). Suppose 120 = -2*f + 7*f + 5*s, 0 = -o*s + 20. Suppose -275 = -10*a + 5*a. Calculate the remainder when a is divided by f.
17
Let i be (-5 - -2)*(-4 + -5). Suppose 5*q - 23 = i. What is the remainder when 39 is divided by q?
9
Let u = -269 + 311. Calculate the remainder when 247 is divided by u.
37
Let f = 48 + -1. Suppose 49*u = 17*u + 1294 + 1586. Calculate the remainder when u is divided by f.
43
Suppose 11*j - 10*j = 38. What is the remainder when 568 is divided by j?
36
Let j be (-2 + -1)*(-18 + 8). Let q = -4 + j. Calculate the remainder when 102 is divided by q.
24
Let x(i) = -2*i - 2. Let l be x(-3). Suppose -q + 3*q = l. Suppose -2*f = q*a + 2*a - 146, -5*a = -5*f - 220. Calculate the remainder when a is divided by